{"id":325,"date":"2024-10-25T03:19:15","date_gmt":"2024-10-25T03:19:15","guid":{"rendered":"http:\/\/ump.d59.mytemp.website\/?page_id=325"},"modified":"2024-10-25T03:19:15","modified_gmt":"2024-10-25T03:19:15","slug":"carlos-castaneda","status":"publish","type":"page","link":"https:\/\/figurasdeldiscurso.org\/index.php\/investigadores\/carlos-castaneda\/","title":{"rendered":"Carlos Casta\u00f1eda"},"content":{"rendered":"<p>[et_pb_section fb_built=&#8221;1&#8243; admin_label=&#8221;Text &#038; Image&#8221; _builder_version=&#8221;4.27.2&#8243; _module_preset=&#8221;default&#8221; background_color=&#8221;RGBA(255,255,255,0)&#8221; use_background_color_gradient=&#8221;on&#8221; background_color_gradient_direction=&#8221;90deg&#8221; background_color_gradient_stops=&#8221;rgba(255,255,255,0) 34%|#000000 34%|rgba(40,3,0,0.39) 97%&#8221; animation_style=&#8221;zoom&#8221; motion_trigger_start=&#8221;top&#8221; background_last_edited=&#8221;on|tablet&#8221; background_color_gradient_direction_tablet=&#8221;180deg&#8221; locked=&#8221;off&#8221; collapsed=&#8221;on&#8221; global_colors_info=&#8221;{%22gcid-36fd78a7-34bc-404d-873c-dafa34efaae5%22:%91%22background_color_gradient_stops%22%93,%22#03045e%22:%91%22background_color_gradient_stops%22%93}&#8221; theme_builder_area=&#8221;post_content&#8221; min_height=&#8221;491.5px&#8221;][et_pb_row column_structure=&#8221;1_2,1_2&#8243; _builder_version=&#8221;4.27.2&#8243; _module_preset=&#8221;5138c454-be54-4233-bd3b-f8e6a8747976&#8243; hover_enabled=&#8221;0&#8243; global_colors_info=&#8221;{}&#8221; theme_builder_area=&#8221;post_content&#8221; height=&#8221;352px&#8221; sticky_enabled=&#8221;0&#8243;][et_pb_column type=&#8221;1_2&#8243; _builder_version=&#8221;4.18.0&#8243; _module_preset=&#8221;73121f80-a3ef-4484-8763-c3f18e3c56d2&#8243; global_colors_info=&#8221;{}&#8221; theme_builder_area=&#8221;post_content&#8221;][et_pb_image src=&#8221;https:\/\/figurasdeldiscurso.org\/wp-content\/uploads\/2024\/10\/IMG-20240107-WA0007.jpg&#8221; title_text=&#8221;IMG-20240107-WA0007&#8243; _builder_version=&#8221;4.27.2&#8243; _module_preset=&#8221;1cc6152f-565c-4c4d-b0c9-cf8c9576c341&#8243; hover_enabled=&#8221;0&#8243; border_radii=&#8221;on|6px|6px|6px|6px&#8221; box_shadow_style=&#8221;preset3&#8243; box_shadow_vertical=&#8221;40px&#8221; box_shadow_blur=&#8221;112px&#8221; box_shadow_spread=&#8221;-24px&#8221; box_shadow_color=&#8221;rgba(0,0,0,0.12)&#8221; locked=&#8221;off&#8221; global_colors_info=&#8221;{}&#8221; theme_builder_area=&#8221;post_content&#8221; sticky_enabled=&#8221;0&#8243;][\/et_pb_image][\/et_pb_column][et_pb_column type=&#8221;1_2&#8243; _builder_version=&#8221;4.18.0&#8243; _module_preset=&#8221;73121f80-a3ef-4484-8763-c3f18e3c56d2&#8243; custom_padding=&#8221;8%||8%||true|false&#8221; custom_padding_tablet=&#8221;0%||0%||true|false&#8221; custom_padding_phone=&#8221;0%||0%||true|false&#8221; custom_padding_last_edited=&#8221;on|desktop&#8221; global_colors_info=&#8221;{}&#8221; theme_builder_area=&#8221;post_content&#8221;][et_pb_heading title=&#8221;Perfil de investigaci\u00f3n&#8221; _builder_version=&#8221;4.27.2&#8243; _module_preset=&#8221;f0c675ea-2574-4d0e-b725-30f8550a8550&#8243; title_level=&#8221;h4&#8243; title_font=&#8221;Proza Libre|Cormorant Garamond_weight||on|||||&#8221; title_text_color=&#8221;#FFFFFF&#8221; title_font_size=&#8221;14px&#8221; title_letter_spacing=&#8221;1px&#8221; title_line_height=&#8221;1.4em&#8221; custom_margin=&#8221;||10px||false|false&#8221; title_font_size_tablet=&#8221;13px&#8221; title_font_size_phone=&#8221;13px&#8221; title_font_size_last_edited=&#8221;on|desktop&#8221; locked=&#8221;off&#8221; global_colors_info=&#8221;{}&#8221; theme_builder_area=&#8221;post_content&#8221;][\/et_pb_heading][et_pb_heading title=&#8221;Dr. Carlos Casta\u00f1eda&#8221; _builder_version=&#8221;4.24.3&#8243; _module_preset=&#8221;c33f07d9-41e0-421a-8799-5799df695cce&#8221; title_level=&#8221;h2&#8243; title_font=&#8221;Cormorant Garamond|Cormorant Garamond_weight|||||||&#8221; title_text_color=&#8221;#FFFFFF&#8221; title_font_size=&#8221;50px&#8221; title_line_height=&#8221;1.2em&#8221; custom_margin=&#8221;||10px||false|false&#8221; hover_enabled=&#8221;0&#8243; title_font_size_tablet=&#8221;28px&#8221; title_font_size_phone=&#8221;20px&#8221; title_font_size_last_edited=&#8221;on|phone&#8221; locked=&#8221;off&#8221; global_colors_info=&#8221;{}&#8221; theme_builder_area=&#8221;post_content&#8221; sticky_enabled=&#8221;0&#8243;][\/et_pb_heading][et_pb_text quote_border_color=&#8221;#FFFFFF&#8221; _builder_version=&#8221;4.27.2&#8243; _module_preset=&#8221;0504de1e-f5ff-4281-ba60-cbbe4edf98bc&#8221; text_font=&#8221;Proza Libre|Proza Libre_weight|||||||&#8221; text_text_color=&#8221;#FFFFFF&#8221; text_font_size=&#8221;16px&#8221; text_line_height=&#8221;1.75em&#8221; link_font=&#8221;||||on||||&#8221; link_text_color=&#8221;#FFFFFF&#8221; quote_font=&#8221;Cormorant Garamond|Cormorant Garamond_weight|||||||&#8221; quote_text_color=&#8221;#FFFFFF&#8221; header_font=&#8221;Cormorant Garamond|Cormorant Garamond_weight|||||||&#8221; header_text_color=&#8221;#FFFFFF&#8221; header_font_size=&#8221;72px&#8221; header_line_height=&#8221;1.15em&#8221; header_2_font=&#8221;Cormorant Garamond|Cormorant Garamond_weight|||||||&#8221; header_2_text_color=&#8221;#FFFFFF&#8221; header_2_font_size=&#8221;50px&#8221; header_2_line_height=&#8221;1.2em&#8221; header_3_font=&#8221;Cormorant Garamond|Cormorant Garamond_weight|||||||&#8221; header_3_text_color=&#8221;#FFFFFF&#8221; header_3_font_size=&#8221;32px&#8221; header_3_line_height=&#8221;1.3em&#8221; header_4_font=&#8221;Cormorant Garamond|Cormorant Garamond_weight|||||||&#8221; header_4_text_color=&#8221;#FFFFFF&#8221; header_4_font_size=&#8221;24px&#8221; header_4_line_height=&#8221;1.4em&#8221; header_5_font=&#8221;Cormorant Garamond|Cormorant Garamond_weight|||||||&#8221; header_5_text_color=&#8221;#FFFFFF&#8221; header_5_font_size=&#8221;18px&#8221; header_5_line_height=&#8221;1.4em&#8221; header_6_font=&#8221;Cormorant Garamond|Cormorant Garamond_weight|||||||&#8221; header_6_text_color=&#8221;#FFFFFF&#8221; header_6_line_height=&#8221;1.5em&#8221; custom_margin=&#8221;||||false|false&#8221; text_font_size_tablet=&#8221;15px&#8221; text_font_size_phone=&#8221;14px&#8221; text_font_size_last_edited=&#8221;on|phone&#8221; header_font_size_tablet=&#8221;40px&#8221; header_font_size_phone=&#8221;24px&#8221; header_font_size_last_edited=&#8221;on|desktop&#8221; header_2_font_size_tablet=&#8221;28px&#8221; header_2_font_size_phone=&#8221;20px&#8221; header_2_font_size_last_edited=&#8221;on|phone&#8221; header_3_font_size_tablet=&#8221;22px&#8221; header_3_font_size_phone=&#8221;17px&#8221; header_3_font_size_last_edited=&#8221;on|phone&#8221; header_4_font_size_tablet=&#8221;18px&#8221; header_4_font_size_phone=&#8221;15px&#8221; header_4_font_size_last_edited=&#8221;on|tablet&#8221; header_5_font_size_tablet=&#8221;15px&#8221; header_5_font_size_phone=&#8221;14px&#8221; header_5_font_size_last_edited=&#8221;on|desktop&#8221; header_6_font_size_tablet=&#8221;13px&#8221; header_6_font_size_phone=&#8221;13px&#8221; header_6_font_size_last_edited=&#8221;on|desktop&#8221; global_colors_info=&#8221;{%22gcid-36fd78a7-34bc-404d-873c-dafa34efaae5%22:%91%22icon_color%22,%22icon_color%22,%22icon_color%22,%22icon_color%22,%22link_text_color%22%93}&#8221; theme_builder_area=&#8221;post_content&#8221;]<\/p>\n<p><span style=\"font-weight: 400;\">Licenciado en Filosof\u00eda, maestro en Filosof\u00eda en el \u00e1rea de Filosof\u00eda de la cultura, y doctor en Filosof\u00eda pol\u00edtica.<\/span><\/p>\n<p>[\/et_pb_text][et_pb_button button_url=&#8221;https:\/\/figurasdeldiscurso.org\/wp-content\/uploads\/2024\/10\/CV2024_agosto.pdf&#8221; button_text=&#8221;Ver C.V.&#8221; _builder_version=&#8221;4.27.2&#8243; _module_preset=&#8221;default&#8221; custom_button=&#8221;on&#8221; button_text_size=&#8221;22px&#8221; button_text_color=&#8221;#FFFFFF&#8221; transform_scale=&#8221;92%|92%&#8221; animation_style=&#8221;bounce&#8221; hover_enabled=&#8221;0&#8243; box_shadow_style=&#8221;preset2&#8243; box_shadow_horizontal=&#8221;11px&#8221; box_shadow_blur=&#8221;7px&#8221; global_colors_info=&#8221;{}&#8221; theme_builder_area=&#8221;post_content&#8221; button_border_width=&#8221;2px&#8221; button_border_radius=&#8221;30px&#8221; sticky_enabled=&#8221;0&#8243;][\/et_pb_button][\/et_pb_column][\/et_pb_row][\/et_pb_section][et_pb_section fb_built=&#8221;1&#8243; _builder_version=&#8221;4.27.2&#8243; _module_preset=&#8221;default&#8221; global_colors_info=&#8221;{}&#8221; theme_builder_area=&#8221;post_content&#8221;][et_pb_row column_structure=&#8221;1_3,2_3&#8243; _builder_version=&#8221;4.27.2&#8243; _module_preset=&#8221;default&#8221; min_height=&#8221;375px&#8221; custom_margin=&#8221;|auto|59px|auto||&#8221; animation_style=&#8221;slide&#8221; global_colors_info=&#8221;{}&#8221; theme_builder_area=&#8221;post_content&#8221;][et_pb_column type=&#8221;1_3&#8243; _builder_version=&#8221;4.27.2&#8243; _module_preset=&#8221;default&#8221; global_colors_info=&#8221;{}&#8221; theme_builder_area=&#8221;post_content&#8221;][et_pb_text _builder_version=&#8221;4.27.2&#8243; _module_preset=&#8221;default&#8221; header_font=&#8221;&#8211;et_global_heading_font||||||||&#8221; global_colors_info=&#8221;{}&#8221; theme_builder_area=&#8221;post_content&#8221;]<\/p>\n<h1 style=\"text-align: left;\">SEMBLANZA<\/h1>\n<p>[\/et_pb_text][\/et_pb_column][et_pb_column type=&#8221;2_3&#8243; _builder_version=&#8221;4.27.2&#8243; _module_preset=&#8221;default&#8221; global_colors_info=&#8221;{}&#8221; theme_builder_area=&#8221;post_content&#8221;][et_pb_text quote_border_color=&#8221;#0077b6&#8243; _builder_version=&#8221;4.27.2&#8243; _module_preset=&#8221;default&#8221; text_font=&#8221;Proza Libre|Proza Libre_weight|||||||&#8221; text_text_color=&#8221;rgba(0,0,0,0.64)&#8221; text_font_size=&#8221;16px&#8221; text_line_height=&#8221;1.75em&#8221; link_font=&#8221;|Proza Libre_weight|||||||&#8221; link_text_color=&#8221;#03045e&#8221; quote_font=&#8221;Cormorant Garamond|Cormorant Garamond_weight|||||||&#8221; quote_text_color=&#8221;#111111&#8243; header_font=&#8221;Cormorant Garamond|Cormorant Garamond_weight|||||||&#8221; header_text_color=&#8221;#111111&#8243; header_font_size=&#8221;72px&#8221; header_line_height=&#8221;1.15em&#8221; header_2_font=&#8221;Cormorant Garamond|Cormorant Garamond_weight|||||||&#8221; header_2_text_color=&#8221;#111111&#8243; header_2_font_size=&#8221;50px&#8221; header_2_line_height=&#8221;1.2em&#8221; header_3_font=&#8221;Cormorant Garamond|Cormorant Garamond_weight|||||||&#8221; header_3_text_color=&#8221;#111111&#8243; header_3_font_size=&#8221;32px&#8221; header_3_line_height=&#8221;1.3em&#8221; header_4_font=&#8221;Cormorant Garamond|Cormorant Garamond_weight|||||||&#8221; header_4_text_color=&#8221;#111111&#8243; header_4_font_size=&#8221;24px&#8221; header_4_line_height=&#8221;1.4em&#8221; header_5_font=&#8221;Cormorant Garamond|Cormorant Garamond_weight|||||||&#8221; header_5_text_color=&#8221;#111111&#8243; header_5_font_size=&#8221;18px&#8221; header_5_line_height=&#8221;1.4em&#8221; header_6_font=&#8221;Cormorant Garamond|Cormorant Garamond_weight|||||||&#8221; header_6_text_color=&#8221;#111111&#8243; header_6_line_height=&#8221;1.5em&#8221; min_height=&#8221;345px&#8221; height=&#8221;361px&#8221; custom_margin=&#8221;||-115px||false|false&#8221; text_font_size_tablet=&#8221;15px&#8221; text_font_size_phone=&#8221;14px&#8221; text_font_size_last_edited=&#8221;on|phone&#8221; header_font_size_tablet=&#8221;40px&#8221; header_font_size_phone=&#8221;24px&#8221; header_font_size_last_edited=&#8221;on|desktop&#8221; header_2_font_size_tablet=&#8221;28px&#8221; header_2_font_size_phone=&#8221;20px&#8221; header_2_font_size_last_edited=&#8221;on|phone&#8221; header_3_font_size_tablet=&#8221;22px&#8221; header_3_font_size_phone=&#8221;17px&#8221; header_3_font_size_last_edited=&#8221;on|phone&#8221; header_4_font_size_tablet=&#8221;18px&#8221; header_4_font_size_phone=&#8221;15px&#8221; header_4_font_size_last_edited=&#8221;on|tablet&#8221; header_5_font_size_tablet=&#8221;15px&#8221; header_5_font_size_phone=&#8221;14px&#8221; header_5_font_size_last_edited=&#8221;on|desktop&#8221; header_6_font_size_tablet=&#8221;13px&#8221; header_6_font_size_phone=&#8221;13px&#8221; header_6_font_size_last_edited=&#8221;on|desktop&#8221; global_colors_info=&#8221;{}&#8221; theme_builder_area=&#8221;post_content&#8221;]<\/p>\n<p><b>Carlos Casta\u00f1eda Desales<\/b><span style=\"font-weight: 400;\"> es licenciado en Filosof\u00eda por la Universidad Aut\u00f3noma del Estado de Morelos; maestro en Filosof\u00eda por la Universidad Nacional Aut\u00f3noma de M\u00e9xico en el \u00e1rea de Filosof\u00eda de la cultura, doctor en Filosof\u00eda pol\u00edtica por la misma universidad y candidato a investigador nacional (SNI-CONAHCYT). Se ha desarrollado en el \u00e1mbito de la docencia en Universidad Latina, el Instituto Tecnol\u00f3gico y de Estudios Superiores de Monterrey, en Universidad Montes de Oca y en Universidad Aut\u00f3noma del Estado de Morelos en donde imparte cursos de Ciencias de la Comunicaci\u00f3n, Filosof\u00eda y Ciencia Pol\u00edtica. Sus l\u00edneas de investigaci\u00f3n son: el capitaloceno, figuras del discurso y estudios descoloniales. Impulsa los Estudios descoloniales desde 2021 en el Centro Interdisciplinario de Investigaciones en Humanidades (CIIHU) de la UAEM.<\/span><\/p>\n<p>[\/et_pb_text][\/et_pb_column][\/et_pb_row][et_pb_row column_structure=&#8221;1_3,2_3&#8243; _builder_version=&#8221;4.27.2&#8243; _module_preset=&#8221;default&#8221; min_height=&#8221;385px&#8221; animation_style=&#8221;slide&#8221; global_colors_info=&#8221;{}&#8221; theme_builder_area=&#8221;post_content&#8221;][et_pb_column type=&#8221;1_3&#8243; _builder_version=&#8221;4.27.2&#8243; _module_preset=&#8221;default&#8221; global_colors_info=&#8221;{}&#8221; theme_builder_area=&#8221;post_content&#8221;][et_pb_text _builder_version=&#8221;4.27.2&#8243; _module_preset=&#8221;default&#8221; header_font=&#8221;&#8211;et_global_heading_font||||||||&#8221; global_colors_info=&#8221;{}&#8221; theme_builder_area=&#8221;post_content&#8221;]<\/p>\n<h3 class=\"et_pb_module_heading et-fb-editable-element et-fb-editable-element__editing\" data-shortcode-id=\"2.1.0.0-1729705686629\" data-quickaccess-id=\"title\" contenteditable=\"true\">PRODUCCI\u00d3N ACAD\u00c9MICA<\/h3>\n<p>[\/et_pb_text][\/et_pb_column][et_pb_column type=&#8221;2_3&#8243; _builder_version=&#8221;4.27.2&#8243; _module_preset=&#8221;default&#8221; global_colors_info=&#8221;{}&#8221; theme_builder_area=&#8221;post_content&#8221;][et_pb_toggle title=&#8221;Publicaciones&#8221; _builder_version=&#8221;4.27.2&#8243; _module_preset=&#8221;default&#8221; custom_margin=&#8221;||4px|||&#8221; global_colors_info=&#8221;{}&#8221; theme_builder_area=&#8221;post_content&#8221;]<\/p>\n<ul>\n<li style=\"font-weight: 400;\" aria-level=\"1\">\n<p><b>El arte frente a la guerra<\/b><span style=\"font-weight: 400;\"> (Ilegal. Revista de cultura. 2004)<\/span><\/p>\n<ol>\n<li><b> M. Cioran o el pensador diletante<\/b><span style=\"font-weight: 400;\"> (Tabique. Revista de literatura. 2005)<\/span><\/li>\n<\/ol>\n<p><b>Voces animales. El poder en la fenomenolog\u00eda de El\u00edas Canetti<\/b><span style=\"font-weight: 400;\"> (El T\u00edmpano. Revista de filosof\u00eda. 2006)<\/span><\/p>\n<p><b>El Tao; un camino del deseo <\/b><span style=\"font-weight: 400;\">(El T\u00edmpano. Revista de filosof\u00eda. 2006)<\/span><\/p>\n<p><b>Comentarios sobre Michel Foucault. Sexualidad, Capitalismo y Estado<\/b><span style=\"font-weight: 400;\"> (Tabique. Revista de literatura.\u00a0 2006)<\/span><\/p>\n<p><b>A ojo de p\u00e1jaro. La literatura de H\u00e9ctor Gally <\/b><span style=\"font-weight: 400;\">(El T\u00edmpano. Revista de filosof\u00eda y literatura 2007)<\/span><\/p>\n<p><b>Georges Bataille o la experiencia del instante <\/b><span style=\"font-weight: 400;\">(El T\u00edmpano. Revista de filosof\u00eda y pol\u00edtica 2008)<\/span><\/p>\n<p><b>Testimonio de ciego, <\/b><span style=\"font-weight: 400;\">Simiente, M\u00e9xico, 201.<\/span> <span style=\"font-weight: 400;\">(poemario 2012)<\/span><\/p>\n<p><b>Cruce de peatones. Estaciones presentidas. <\/b><span style=\"font-weight: 400;\">Proyectodiorama, M\u00e9xico, 2012 (Antolog\u00eda de poemas 2012)<\/span><\/p>\n<p><b>Hegel y la mitolog\u00eda blanca <\/b><span style=\"font-weight: 400;\">(Reflexiones marginales. Revista electr\u00f3nica de filosof\u00eda 2015)<\/span><\/p>\n<p><b>Freud o la crisis del sujeto burgu\u00e9s.<\/b><span style=\"font-weight: 400;\"> (Reflexiones marginales. Revista electr\u00f3nica de filosof\u00eda 2016)<\/span><\/p>\n<p><b>El cuerpo y sus met\u00e1foras en<\/b> <b>Figuras del discurso. Filosof\u00eda, Pol\u00edtica y ret\u00f3rica<\/b><span style=\"font-weight: 400;\">, Bonilla Artigas, M\u00e9xico, 2016<\/span><b>.\u00a0<\/b><\/p>\n<p><b>Muxe en Figuras del discurso II. Temas contempor\u00e1neos de pol\u00edtica y exclusi\u00f3n<\/b><span style=\"font-weight: 400;\">, Bonilla Artigas, M\u00e9xico, 2017.<\/span><\/p>\n<p><b>Cuerpos vulnerables. La rebeli\u00f3n zapatista de 1994 en Figuras del discurso III. La violencia, el olvido y la memoria, <\/b><span style=\"font-weight: 400;\">Bonilla Artigas, M\u00e9xico, 2019.<\/span><\/p>\n<p><b>La \u00e9tica protestante; \u00bfnuestra \u00e9tica? <\/b><span style=\"font-weight: 400;\">Ediciones UAEM, M\u00e9xico, 2014.<\/span><\/p>\n<p><b>Capitalismo y bionecropoder en M\u00e9xico. Estado, Pol\u00edtica y democracia. Reflexiones desde el pensamiento cr\u00edtico de Marx, a 200 a\u00f1os de su natalicio. Capitalismo y bionecropoder en M\u00e9xico. <\/b><span style=\"font-weight: 400;\">Editorial Fontamara, M\u00e9xico, 2016.<\/span><\/p>\n<p><b>La vida nuda y la desaparici\u00f3n forzada. (Reflexiones en torno al poder soberano desde las tesis de Giorgio Agamben). Filosof\u00eda pr\u00e1ctica en Latinoam\u00e9rica. Comunidad pol\u00edtica, justicia social y derechos humanos. Obando Cabezas Aristides [y otros].<\/b><span style=\"font-weight: 400;\"> Santiago de Cali: Universidad de Santiago de Cali, 2020.\u00a0<\/span><\/p>\n<p><b>Ret\u00f3rica difr\u00e1stica: un modo de pensar nahua. Ret\u00f3rica ind\u00edgena en M\u00e9xico (Dossier). <\/b><span style=\"font-weight: 400;\">(R\u00e9tor. Asociaci\u00f3n Argentina de Ret\u00f3rica Volumen 11, N\u00famero 2 diciembre de 2021) ISSN 1853-6034.<\/span><\/p>\n<p><a href=\"https:\/\/www.revistaretor.org\/\"><span style=\"font-weight: 400;\">https:\/\/www.revistaretor.org\/<\/span><\/a><\/p>\n<p><\/p>\n<p><b>Capitaloceno: la violencia contra lo viviente. Pensar las violencias. Julieta Espinosa\/Samadhi Aguilar. R., Coordinaci\u00f3n. <\/b><span style=\"font-weight: 400;\">Primera edici\u00f3n. M\u00e9xico: Universidad Aut\u00f3noma del Estado de Morelos. Centro Interdisciplinario de Investigaci\u00f3n en Humanidades y Ciencias Sociales. 2022.<\/span><\/p>\n<p><b>Una ret\u00f3rica de guerra: la destrucci\u00f3n del otro. Estudios del discurso (Dossier).<\/b><span style=\"font-weight: 400;\"> (Ret\u00f3rica Novohispana. <\/span><span style=\"font-weight: 400;\">Estudios del Discurso,\u00a0vol.\u00a08, N\u00famero 2 diciembre de 2022) ISSN digital: 2448-4857. http:\/\/esdi.uaem.mx\/index.php\/esdi\/issue\/view\/15<\/span><\/p>\n<\/li>\n<\/ul>\n<p>[\/et_pb_toggle][\/et_pb_column][\/et_pb_row][\/et_pb_section]<\/p>\n","protected":false},"excerpt":{"rendered":"<p>Licenciado en Filosof\u00eda, maestro en Filosof\u00eda en el \u00e1rea de Filosof\u00eda de la cultura, y doctor en Filosof\u00eda pol\u00edtica.SEMBLANZACarlos Casta\u00f1eda Desales es licenciado en Filosof\u00eda por la Universidad Aut\u00f3noma del Estado de Morelos; maestro en Filosof\u00eda por la Universidad Nacional Aut\u00f3noma de M\u00e9xico en el \u00e1rea de Filosof\u00eda de la cultura, doctor en Filosof\u00eda pol\u00edtica [&hellip;]<\/p>\n","protected":false},"author":1,"featured_media":0,"parent":33,"menu_order":0,"comment_status":"closed","ping_status":"closed","template":"","meta":{"_et_pb_use_builder":"on","_et_pb_old_content":"","_et_gb_content_width":"","footnotes":""},"class_list":["post-325","page","type-page","status-publish","hentry"],"_links":{"self":[{"href":"https:\/\/figurasdeldiscurso.org\/index.php\/wp-json\/wp\/v2\/pages\/325","targetHints":{"allow":["GET"]}}],"collection":[{"href":"https:\/\/figurasdeldiscurso.org\/index.php\/wp-json\/wp\/v2\/pages"}],"about":[{"href":"https:\/\/figurasdeldiscurso.org\/index.php\/wp-json\/wp\/v2\/types\/page"}],"author":[{"embeddable":true,"href":"https:\/\/figurasdeldiscurso.org\/index.php\/wp-json\/wp\/v2\/users\/1"}],"replies":[{"embeddable":true,"href":"https:\/\/figurasdeldiscurso.org\/index.php\/wp-json\/wp\/v2\/comments?post=325"}],"version-history":[{"count":2,"href":"https:\/\/figurasdeldiscurso.org\/index.php\/wp-json\/wp\/v2\/pages\/325\/revisions"}],"predecessor-version":[{"id":330,"href":"https:\/\/figurasdeldiscurso.org\/index.php\/wp-json\/wp\/v2\/pages\/325\/revisions\/330"}],"up":[{"embeddable":true,"href":"https:\/\/figurasdeldiscurso.org\/index.php\/wp-json\/wp\/v2\/pages\/33"}],"wp:attachment":[{"href":"https:\/\/figurasdeldiscurso.org\/index.php\/wp-json\/wp\/v2\/media?parent=325"}],"curies":[{"name":"wp","href":"https:\/\/api.w.org\/{rel}","templated":true}]}}